u) = -u**3 - 3*u**2 - u + 1. What is b(-3)?
4
Let z(h) = -2*h**3 - 5*h**2 + 5*h + 4. What is z(-4)?
32
Let k(m) = 33*m**2. Give k(1).
33
Let c(u) = -2*u**2 + 2*u - 1. Calculate c(5).
-41
Let l(b) = -b**3 - 9*b**2 - 10*b + 23. Calculate l(-7).
-5
Let j(t) = -t**2 + t - 1. Calculate j(1).
-1
Let g(n) = -5*n**2 - 4*n + 38. What is g(5)?
-107
Let h(w) = 3*w - 2. Give h(-2).
-8
Let c(q) = -q**2 - 10*q - 25. Calculate c(-8).
-9
Let m(w) = -3*w - 15. Give m(-6).
3
Let c(r) = 10*r - 10. Determine c(4).
30
Let y(k) = -2*k**2 + 2*k + 6. Determine y(4).
-18
Let c(u) = u**2 - u - 15. Give c(5).
5
Let c(h) = -17*h - 280. Calculate c(-15).
-25
Let p(h) = h**2 + 2*h - 1. Give p(-2).
-1
Let n(w) = -2*w - 5. What is n(0)?
-5
Let x(p) = 10*p**3 + 3*p**2 - p - 1. Calculate x(1).
11
Let d(t) = -t**2 - 2*t - 14. What is d(-7)?
-49
Let t(l) = l**3 - 6*l**2 + 6*l + 7. Calculate t(5).
12
Let v(h) = h**2 - 49*h + 97. Determine v(2).
3
Let d(x) = -7*x - 356. What is d(-51)?
1
Let j(z) = 5*z**2 - 2*z - 1. Calculate j(2).
15
Let j(s) = -s**2 - 89*s - 411. Give j(-5).
9
Let s(n) = -3*n + 7. What is s(2)?
1
Let k(f) = f**2 + 7*f. What is k(-9)?
18
Let v(j) = j**3 - 49*j**2 - 61*j + 549. Determine v(50).
-1
Let l(z) = z**3 + 6*z**2 + 2*z - 13. What is l(-5)?
2
Let a(n) = -8*n**2 - n - 1. Determine a(-1).
-8
Let u(p) = 6*p - 37. Calculate u(5).
-7
Let g(z) = z**3 + 39*z**2 - 40*z + 5. Give g(-40).
5
Let o(d) = -8*d - 6. Determine o(4).
-38
Let r(p) = -68*p + 158. What is r(2)?
22
Let b(g) = 2*g - 20. Calculate b(6).
-8
Let n(f) = f**3 - 5*f**2 + 7*f + 2. Determine n(2).
4
Let s(h) = -2*h - 25. Give s(-6).
-13
Let v(x) = -x**3 - 28*x**2 + 60*x + 12. What is v(-30)?
12
Let g(m) = -m**3 + 4*m**2 + 6*m - 12. What is g(5)?
-7
Let c(o) = -o - 11. Give c(-8).
-3
Let n(i) = i + 59. Give n(25).
84
Let x(a) = -a - 52. Calculate x(-16).
-36
Let m(p) = -8*p**2 - 6*p - 27. What is m(-4)?
-131
Let x(w) = w. Give x(-13).
-13
Let m(a) = a**2 - 12*a - 3. What is m(4)?
-35
Let n(t) = 3*t**2 + 5*t - 4. Determine n(-4).
24
Let j(q) = q**2 + 42*q + 420. Determine j(-26).
4
Let y(b) = b**3 - 16*b**2 + 7. Determine y(16).
7
Let u(s) = -s**2 + 12*s - 22. Calculate u(9).
5
Let z(k) = k + 12. Give z(-7).
5
Let l(x) = 8*x + 10. Calculate l(-5).
-30
Let m(b) = -7*b**2 - 3*b + 3. Determine m(2).
-31
Let a(f) = f**2 + f + 5. Give a(0).
5
Let v(r) = 11*r + 12. What is v(-4)?
-32
Let k(c) = 40*c - 152. What is k(4)?
8
Let r(d) = -d**2 - 40*d + 43. What is r(-42)?
-41
Let m(f) = -f**3 + 9*f**2 + 10*f + 11. What is m(10)?
11
Let t(x) = -x**3 - 12*x**2 + 13*x + 14. Calculate t(-13).
14
Let y(n) = 6*n**2 - n + 2. Give y(2).
24
Let t(p) = 12*p**3 + 4*p**2 - p - 5. Calculate t(-1).
-12
Let c(l) = 2*l**3 + 7*l**2 + 20*l + 41. Determine c(-4).
-55
Let s(j) = -2*j + 9. What is s(-6)?
21
Let j(k) = -7*k**2 + 3*k - 1. Calculate j(2).
-23
Let k(n) = -n**3 - 10*n**2 - 7*n - 8. What is k(-9)?
-26
Let v(g) = g**3 - 10*g**2 + 5*g + 13. Determine v(9).
-23
Let y(i) = i**3 - 5*i**2 + i + 10. Give y(4).
-2
Let d(o) = o + 13. Give d(-5).
8
Let s(m) = -4*m + 32. What is s(9)?
-4
Let c(u) = u**3 + 6*u**2 - 7*u + 4. What is c(0)?
4
Let p(j) = -9*j**3 + 3*j**2 - 4*j + 2. Determine p(1).
-8
Let v(t) = t**2 + 6*t - 10. Determine v(-6).
-10
Let h(z) = z - 2. Determine h(3).
1
Let s(v) = 3*v - 28. Calculate s(9).
-1
Let v(u) = 5*u - 53. Determine v(13).
12
Let q(y) = -y**3 - 15*y**2 - 15*y - 21. What is q(-14)?
-7
Let w(h) = h**3 + h**2 - 5*h - 2. Give w(-3).
-5
Let p(u) = -9*u**2 + 10*u + 17. Determine p(-3).
-94
Let s(c) = 2*c**2 - 20*c + 14. What is s(9)?
-4
Let r(j) = -j**3 + 5*j**2 - 2*j - 1. Give r(3).
11
Let a(y) = y**2 + 108. Determine a(0).
108
Let f(y) = y + 75. Give f(-15).
60
Let x(i) = 19*i - 93. Determine x(7).
40
Let y(i) = i**3 + 12*i**2 - 3*i + 7. What is y(-12)?
43
Let l(c) = -c**3 - 10*c**2 - 12. Give l(-10).
-12
Let w(b) = -b**3 + 18*b**2 - 16*b - 17. Calculate w(17).
0
Let v(y) = y**3 + 13*y**2 - 10*y - 111. Calculate v(-13).
19
Let f(d) = 5*d**2 + 3*d. What is f(-3)?
36
Let x(d) = -d - 26. Give x(7).
-33
Let a(q) = -12*q**2 - 6*q + 22. Calculate a(2).
-38
Let n(y) = y**3 - 6*y**2 + 5*y + 5. Calculate n(4).
-7
Let n(o) = -43*o + 94. What is n(3)?
-35
Let l(o) = 2*o**3 + o**2 - o + 3. Give l(2).
21
Let l(o) = 22*o + 28. Determine l(-9).
-170
Let t(b) = -b**3 - 12*b**2 + 4*b + 13. Give t(-12).
-35
Let o(u) = u**3 + 9*u**2 + 25*u + 232. What is o(-9)?
7
Let c(q) = -q**2 + 20*q + 56. Calculate c(21).
35
Let x(t) = -t**3 + 9*t**2 - 28*t + 45. What is x(5)?
5
Let k(w) = -24*w - 1579. What is k(-66)?
5
Let f(z) = 5*z**2 - 109*z + 69. Determine f(21).
-15
Let f(w) = -28*w + 230. Determine f(8).
6
Let h(c) = 44*c**3 + 3*c**2 + 3*c - 5. Determine h(1).
45
Let t(y) = -y**3 + 3*y**2 - 6*y. What is t(3)?
-18
Let o(h) = h**2 - 7*h + 5. Determine o(3).
-7
Let t(n) = -4*n + 10. Determine t(3).
-2
Let v(j) = 2*j - 2. Determine v(17).
32
Let f(d) = d**3 - 43*d**2 + 81*d + 43. Determine f(41).
2
Let v(s) = s**2 - 2*s - 49. What is v(10)?
31
Let w(m) = m**3 - 4*m**2 - 8*m + 9. Calculate w(5).
-6
Let v(d) = -2*d**2 - 10*d - 11. Calculate v(-4).
-3
Let a(x) = -20*x + 43. Give a(2).
3
Let x(d) = d**3 + 9*d**2 + 15*d + 3. What is x(-2)?
1
Let l(n) = 9*n**2 - 2*n - 3. Determine l(4).
133
Let t(c) = -4*c + 14. Determine t(5).
-6
Let s(a) = a**3 - 7*a**2 - a - 1. Calculate s(6).
-43
Let u(h) = 29*h + 8. Calculate u(2).
66
Let b(a) = 11*a**2 + 20*a - 2. What is b(-2)?
2
Let w(c) = -2*c**2 + 11*c + 9. Calculate w(6).
3
Let a(i) = 2*i**2 + 22*i + 20. What is a(-10)?
0
Let c(z) = -3*z**2 - 23*z. Calculate c(-6).
30
Let o(z) = -z**3 + 23*z**2 - 4*z + 56. Give o(23).
-36
Let s(f) = -11*f + 113. Give s(15).
-52
Let b(g) = g**2 - 2*g - 3. Determine b(3).
0
Let a(t) = -t**3 - 8*t**2 - 2*t + 9. Determine a(-8).
25
Let a(j) = 8*j + 2. What is a(9)?
74
Let h(d) = 2*d + 18. Give h(-6).
6
Let l(h) = -h**3 + 4*h**2 - 9*h + 13. Calculate l(3).
-5
Let r(k) = -k**2 + 12*k - 9. Calculate r(9).
18
Let z(w) = -2*w - 10. What is z(-8)?
6
Let j(w) = -47*w**2 - 2*w - 1. Determine j(-1).
-46
Let m(p) = -36*p - 104. Calculate m(-3).
4
Let t(b) = -b**3 - 3*b**2 + 2*b - 2. What is t(-4)?
6
Let t(o) = 2*o**2 + 5*o. Determine t(-6).
42
Let q(y) = -4*y**2 + 1. What is q(3)?
-35
Let n(u) = 12*u + 29. Calculate n(-6).
-43
Let v(z) = -z**3 - z**2 - z - 15. Determine v(0).
-15
Let b(k) = -6*k**2 + 2*k - 4. Determine b(1).
-8
Let y(f) = -3*f**3 + 4*f**2 + 7*f - 3. Give y(3).
-27
Let c(a) = -a**2 + 9*a - 17. Determine c(6).
1
Let v(f) = f**2 + 9*f - 7. Determine v(-6).
-25
Let z(o) = o**3 + 18*o**2 - 20*o. Calculate z(-19).
19
Let a(v) = 10*v - 6. What is a(1)?
4
Let t(k) = k**3 + 5*k**2 + 6. Calculate t(-5).
6
Let b(z) = 2*z**2 - z - 39. Determine b(0).
-39
Let n(z) = -z - 12. Determine n(-14).
2
Let z(d) = -2*d - 66. Determine z(-26).
-14
Let r(z) = 3*z**2 - 8*z - 7. What is r(5)?
28
Let o(w) = 2*w**2 - 13*w + 32. Determine o(3).
11
Let v(i) = i**3 + 16*i**2 + 25*i + 142. What is v(-15)?
-8
Let o(a) = 2*a + 6. Determine o(9).
24
Let b(x) = -x**3 + 8*x - 3. What is b(3)?
-6
Let n(m) = 3*m**2 - 2*m - 3. Calculate n(3).
18
Let o(g) = g**3 + 9*g**2 - 20*g + 25. Give o(-11).
3
Let g(f) = 2*f**3 + 3*f**2 + 5*f + 14. What is g(-3)?
-28
Let z(w) = -5*w**3 + 29*w**2 + 8*w - 20. Calculate z(6).
-8
Let u(n) = -4*n**3 + 2*n**2 + n - 1. Calculate u(-1).
4
Let t(n) = 4*n - 6. Give t(-3).
-18
Let y(i) = -43*i - 1416. Give y(-33).
3
Let w(s) = 2*s**3 + s**2 - 10*s + 3. Determine w(-3).
-12
Let r(q) = 9*q**2 - 55*q + 3. Determine r(6).
-3
Let a(b) = 2*b - 11. Calculate a(14).
17
Let m(n) = -7*n**2 + 3*n - 2. Determine m(2).
-24
Let x(m) = -3*m - 3. What is x(-3)?
6
Let d(h) = -2*h**3 + 5*h**2 - 7*h + 5. Give d(2).
-5
Let a(k) = k**3 - 7*k**2 + k + 7. Give a(7).
14
Let o(t) = -2*t + 8. Give o(-6).
20
Let z(x) = -2*x**2 + 2*x + 92. Calculate z(7).
8
Let v(m) = -6*m + 61. What is v(9)?
7
Let g(a) = -a**3 + a - 2. Determine g(2).
-8
Let w(a) = 15*a - 23. Calculate w(5).
52
Let p(v) = 81*v - 83. Give p(1).
-2
Let n(y) = y**3 - 14*y**2 + 18*y - 38. What is n(13)?
27
Let b(l) = l**3 - 8*l**2 + 2*l + 2. Determine b(8).
18
Let c(o) = -o**2 - 2*o - 1. What is c(-2)?
-1
Let h(y) = y**3 - 10*y**2 + y. Determine h(10).
10
Let z(p) = -p**2 + 10*p + 9. What is z(9)?
18
Let s(u) = u**2 - 25*u + 121. C